Is j a prime number?
False
Suppose -2*i + 7 = -5. Suppose 3*q - 58 = -5*y, 2*q = -2*y + i*q + 18. Is y a prime number?
True
Suppose -a + 2*a - 524 = 3*q, -2*q = a - 509. Is a composite?
True
Suppose -4 = -i - 5. Let c = 3 - i. Is (0 - 1) + 15*c a composite number?
False
Let n be -1 + 2 - (1 + -24). Let m(b) = b**3 - 4*b**2 + 2*b - 1. Let p be m(5). Let l = p - n. Is l a prime number?
False
Suppose 0 = 2*m - 6. Is (m/2)/(1/22) composite?
True
Suppose -5*k + 10 = -50. Suppose 2*c = -3*a + 43 + k, 121 = 5*c + 2*a. Is c composite?
False
Let p = 2464 + -1205. Is p prime?
True
Suppose 4*m - 1783 = 3*f, -4*f = -2*m + 117 + 777. Is m a composite number?
True
Suppose c - 3*s + 807 = 3*c, 0 = -2*c + s + 827. Is c composite?
True
Suppose -5*j + j + 2*i + 1524 = 0, 0 = -2*j + 4*i + 762. Is j composite?
True
Let b = 0 + 0. Suppose b = o - 2*o + 5. Suppose 0 = h - 4*m - 17, -3*h - o*m + 18 = -16. Is h a prime number?
True
Let g(h) = -h**2 - 10*h - 12. Let m be g(-8). Suppose -8 + 0 = -j - 4*o, 2*j + 32 = m*o. Let x(t) = -20*t + 3. Is x(j) composite?
False
Suppose 3*c - 7*c = 104. Let z = 20 + -79. Let b = c - z. Is b prime?
False
Let r be (3 + (-17)/5)*5. Is 1*(-237)/6*r a composite number?
False
Suppose -5*t + 3*t + 1018 = 0. Is t composite?
False
Suppose 2*r + 9444 = 14*r. Is r prime?
True
Let u be ((-801)/15)/((-1)/5). Let g(r) = -r. Let i be g(-4). Suppose -u = y - i*y. Is y a prime number?
True
Let c(w) = -3*w**2 - 1. Let s be c(1). Let y(h) = 5*h**2 + 2*h + 5. Is y(s) composite?
True
Let p(g) = -g**2 + 3*g - 4. Let h be p(3). Let q = h + 17. Is q a prime number?
True
Let v = 5 - 0. Let x = -2 - v. Let g(l) = l**2 + 4*l - 2. Is g(x) a composite number?
False
Suppose 36 = 5*u - 9*u. Let y(g) = -3*g - 17. Is y(u) a composite number?
True
Let m(o) = o + 331. Is m(0) a prime number?
True
Suppose 0 = -7*y + 2*y + 5305. Is y a composite number?
False
Let s be (3/(-2))/((-18)/48). Suppose 2*j - 108 = -3*h + 150, -s*h = -2*j + 230. Is j a composite number?
True
Let f = 2 + -4. Is (-138)/(-10)*(3 - f) prime?
False
Is (-13)/((-7)/28 + 3/(-4)) a composite number?
False
Suppose -4*y = -g - 52, 5*y = -3*g + 2*g + 56. Suppose 4*k - 2 - 6 = 2*o, -3*o - y = -5*k. Let x(w) = -w**3 + w**2 + w + 293. Is x(k) prime?
True
Let k(h) = 2*h**2 - h - 3. Let t be k(2). Let p(a) = 87*a - 10. Is p(t) a composite number?
False
Let j be 2/12*3*6. Let y be 1/j + (-1)/3. Suppose y = r - 21 - 10. Is r composite?
False
Suppose 8*t - 3 = 7*t. Suppose 0 = 3*y - 8*y - r + 5571, t*y - 3329 = -4*r. Is y a composite number?
True
Let t = -834 + 1286. Let i = t - 307. Is i a prime number?
False
Let g(q) = 2*q + 1. Suppose -j = 3*j - 36. Is g(j) composite?
False
Let x(m) be the first derivative of -m**2 + 3*m - 3. Is x(-4) a composite number?
False
Let d be (-1 + -1)*(2 + -3). Suppose -7*r = -d*r. Suppose -2*k + 0 + 2 = r, -3*m - k + 112 = 0. Is m a composite number?
False
Is (-2705)/(-35) + (-8)/28 a prime number?
False
Let z(i) = -4*i**2 - 4*i + 11. Let x(g) = -g**2. Let v(l) = -5*x(l) + z(l). Is v(8) composite?
False
Suppose -2*u + u = -5*f + 1257, -4*u - 1012 = -4*f. Is f composite?
False
Let k(d) be the second derivative of 36*d**5/5 + d**4/6 - d**3/3 + d**2/2 - 3*d. Is k(1) a prime number?
False
Let b(t) = 3018*t**3 - 2*t**2 + t. Is b(1) a composite number?
True
Let a(n) = 14*n**2 - 10*n - 32. Let f(x) = 5*x**2 - 3*x - 11. Let j(s) = 6*a(s) - 17*f(s). Let h be -1 + 0 + 6/(-2). Is j(h) a prime number?
False
Let k(j) = j**3 + 14*j**2 - 15*j - 11. Let l be k(-15). Suppose -1 = 2*t + 7. Let c = t - l. Is c composite?
False
Let z(y) = 191*y**2 - y + 7. Is z(-4) a composite number?
False
Suppose -5*h = 15, -d - 3*h + 6 = -4*h. Suppose 4*s = 5*o - 27, -2*s - 2*o - 21 = d*o. Is 4/s - (-86)/4 a prime number?
False
Let n = -8 + -1. Let j(g) = 2*g**2 - 3. Is j(n) a composite number?
True
Suppose 0 = -5*t + 5*l + 10, 2 = t + l + 2*l. Is t - (-4)/((-4)/(-17)) a composite number?
False
Let w be 0 + 0/(1 - 2). Let i(c) = c - 4. Let m be i(w). Let q(g) = 18*g**2 - 1. Is q(m) a prime number?
False
Let d = 5 + -3. Let w be (d - 8)/((-4)/206). Suppose 3*f + 72 = w. Is f prime?
True
Let i = 0 - -6. Is i a prime number?
False
Let x = -167 - -75. Let m = x - -129. Is m a composite number?
False
Let a be (69/2)/(3/(-4)). Let p = a - -111. Is p a prime number?
False
Let n(u) = -u**3 - 24*u**2 - 20*u + 29. Let d be n(-23). Suppose -5*z - 142 = -3*z. Let b = d - z. Is b prime?
True
Let g(v) = -v**3 + 6*v**2 - 4*v - 1. Let f be g(5). Suppose 79 = 5*c - f*c. Is c a composite number?
False
Let j(q) = q**3 + 2*q**2 - q - 2. Let z be j(-2). Suppose -3*r - 3 + 30 = z. Suppose r = -3*c + 27. Is c a prime number?
False
Let b(d) = -27*d + 6. Is b(-3) a prime number?
False
Suppose -59 = -i + 68. Is i composite?
False
Suppose -3*k + 3946 + 2402 = 0. Suppose -3*a - a - k = 0. Let g = 746 + a. Is g composite?
True
Is (290/(-8))/((-1)/4) prime?
False
Let u be (0/3 - 1)*349. Let l = u + 510. Is l a prime number?
False
Suppose -r = -5*q - 4*r + 8, q = 2*r - 1. Suppose q + 18 = u. Is u a composite number?
False
Suppose 2*x = 6*x - 3028. Is x a prime number?
True
Suppose 7*q + 368 = 3*q. Let v = 77 - q. Suppose -u + 3*t + v = u, -4*t = 20. Is u composite?
True
Let q be (-5 - -1)/((-1)/2). Let p be 2/q - 849/(-12). Is p - (-2 + (3 - 1)) a composite number?
False
Let l(o) = -7*o - o**2 + 0 - 4 - 1. Let r be l(-5). Suppose 4*v - 145 = -5*x, 5*v + 30 = r. Is x a prime number?
False
Suppose 5*r - 783 = 4*a, 0 = -4*r - 0*a - 3*a + 645. Suppose -f = 2*f - r. Is f composite?
False
Let s(z) = 9*z**2 + 3*z + 1. Is s(-5) composite?
False
Suppose -2*p = 2*p. Suppose -s + 622 = 2*h - p*s, 3*h - 907 = 5*s. Suppose 4*g + h = 833. Is g prime?
True
Suppose -5*z + 22510 = 5*c, -z + c = -3*z + 9009. Is z composite?
False
Let k(c) = -c**3 - c**2 + c - 1. Let f be k(-2). Is 1/(2*f/66) a composite number?
True
Let x = 2 - 16. Let a = 132 + x. Is a a composite number?
True
Suppose 2*t + t - 15 = 0. Suppose 2*r + 5084 = -0*u - 4*u, -t*r = 5*u + 12690. Is 10/(-55) + r/(-22) a prime number?
False
Suppose 3*j = -5*h + 9312, 5*h = -4*j + 2971 + 9450. Is j prime?
True
Suppose v + 4*q - 71 = 0, -v - q = -3*q - 77. Let t = 114 - v. Is t composite?
True
Let b(z) = -z + 2. Let a be b(0). Suppose c = u - 4*u - 5, 2*u + a = -c. Suppose -2*f + 32 = -2*m, 3*m = c*f - 86 + 19. Is f a prime number?
True
Let l(v) = v**3 + 6*v**2 - 2*v + 2. Is l(-5) prime?
True
Let u(b) = b**2 - 5*b. Let o be u(6). Let m = 0 - o. Is 1*51*m/(-9) a composite number?
True
Let n be 15/6 - (-2)/4. Suppose n*f + 55 = 220. Is f prime?
False
Suppose 0 = 2*v + 3*w - 212, 0 = -v + 3*w - w + 106. Is v a prime number?
False
Let p be (1/(-1))/(2/36). Is 2937/27 + (-4)/p a prime number?
True
Let i be (-11 - -15)*(-3)/2. Let o be ((-2)/3)/((-2)/12). Let b = o - i. Is b composite?
True
Is (-6)/3 - (-795 - -2) prime?
False
Suppose -44 = -2*m + 134. Is m a prime number?
True
Let u = 3058 + -1319. Is u a prime number?
False
Let h = 2 - -25. Let z = h + -6. Suppose 3*u - 6*u = -z. Is u a composite number?
False
Let p = 955 + -624. Is p composite?
False
Is 36/12 + 152*2 a composite number?
False
Let h(v) = -103*v - 9. Is h(-4) prime?
False
Let r(z) = 11*z**2 + 4*z + 3. Let a be r(5). Let b = a + -129. Is b prime?
False
Suppose -4 = 4*o, -1103 = -3*t + 2*o - 90. Is t composite?
False
Is (-1)/((-5426)/(-2714) + -2) a prime number?
False
Suppose 3*a + 1256 = 4*w + 7*a, -3*w = 4*a - 946. Suppose 3*p - 332 - 109 = 0. Let l = w - p. Is l composite?
False
Let f be 1 - 4 - -5 - 2. Let w(l) = -l**2 + l + 89. Is w(f) a composite number?
False
Let o be 106*(3 + 21/6). Suppose -2*r + 522 = -4*k, -3*r = -5*k - o - 89. Is r composite?
False
Let b(u) = -4 + 1 - 4 - u. Let f be b(9). Let l = f - -26. Is l a prime number?
False
Suppose -3*o + 1 = 4, 4*l + 3*o = 505. Is l a composite number?
False
Is (-695)/(-2) + 3/(-6) composite?
False
Suppose -143 = -3*b + 2*b. Suppose 2*p + 5*n + b = 3*p, 4*n = -5*p + 831. Is p a composite number?
False
Let l = 49 + -37. Suppose 2*a - 1 - 5 = 0. Suppose i - a*i + l = 0. Is i a prime number?
False
Let z = -3 - -5. Suppose z*r + 3*r - 165 = 0. Is r prime?
False
Let v be (-3 - 2)*(-6)/(-3). Let d(j) = -3*j + 7. Is d(v) a prime number?
True
Let o(g) = -3*g + 4. Let q be -13 - (7/(-1) + 4).